{"id":12,"date":"2012-01-25T09:22:12","date_gmt":"2012-01-25T08:22:12","guid":{"rendered":"http:\/\/www.desc-berlin.de\/desc01\/wordpress\/?page_id=12"},"modified":"2025-07-11T15:36:02","modified_gmt":"2025-07-11T13:36:02","slug":"start","status":"publish","type":"page","link":"http:\/\/www.desc-berlin.de\/","title":{"rendered":"Willkommen! Bienvenido! Welcome!"},"content":{"rendered":"\n<p><\/p>\n\n\n\n<h1 class=\"wp-block-heading\"><\/h1>\n\n\n\n<figure class=\"wp-block-image size-large\"><img loading=\"lazy\" decoding=\"async\" width=\"1024\" height=\"744\" src=\"http:\/\/www.desc-berlin.de\/desc01\/wordpress\/wp-content\/uploads\/2025\/07\/Fazenda-1024x744.jpg\" alt=\"\" class=\"wp-image-3947\" srcset=\"http:\/\/www.desc-berlin.de\/desc01\/wordpress\/wp-content\/uploads\/2025\/07\/Fazenda-1024x744.jpg 1024w, http:\/\/www.desc-berlin.de\/desc01\/wordpress\/wp-content\/uploads\/2025\/07\/Fazenda-300x218.jpg 300w, http:\/\/www.desc-berlin.de\/desc01\/wordpress\/wp-content\/uploads\/2025\/07\/Fazenda-768x558.jpg 768w, http:\/\/www.desc-berlin.de\/desc01\/wordpress\/wp-content\/uploads\/2025\/07\/Fazenda-1536x1116.jpg 1536w, http:\/\/www.desc-berlin.de\/desc01\/wordpress\/wp-content\/uploads\/2025\/07\/Fazenda-2048x1487.jpg 2048w, http:\/\/www.desc-berlin.de\/desc01\/wordpress\/wp-content\/uploads\/2025\/07\/Fazenda-624x453.jpg 624w\" sizes=\"auto, (max-width: 1024px) 100vw, 1024px\" \/><\/figure>\n\n\n\n<p>Die Geschichte des Deutsch-Spanischen Chores Berlin begann im Jahr 2011 im Charlottenburger K\u00fcnstlerhotel Bogot\u00e1. Jeden Samstag traf sich in der Schl\u00fcterstra\u00dfe 45 eine kleine Gruppe, kaum ein Dutzend sangesfreudiger Menschen, aus Spanien, S\u00fcdamerika und Deutschland, um gemeinsam &nbsp;spanische Populares und Villancicos zu singen. Innerhalb kurzer Zeit wuchs die Gruppe auf \u00fcber 20 S\u00e4ngerinnen und S\u00e4nger an und es entstand der Deutsch-Spanische Chor Berlin e.V.&nbsp;Es folgten Chorreisen nach Barcelona, Verona, New York, Madrid sowie&nbsp;regelm\u00e4\u00dfige Auftritte im spanischen Kulturinstitut Cervantes, in der Zitadelle Spandau und anderen Auff\u00fchrungsorten in Berlin.<\/p>\n\n\n\n<p>Die Freude am anspruchsvollen Musizieren und die Liebe zur spanischen Sprache und Kultur f\u00fchrt uns unter der Leitung des S\u00e4ngers Frank Szafranski zusammen. Im Zentrum unserer Programme steht die spanische Renaissancemusik und sephardische Lieder. Doch geh\u00f6ren auch deutsche und andere europ\u00e4ische St\u00fccke zu unserem Repertoire.<\/p>\n\n\n\n<p><strong>Bienvenido a la p\u00e1gina web del Coro Hispano-Alem\u00e1n Berl\u00edn<\/strong><\/p>\n\n\n\n<p>El Coro&nbsp;Hispano-Alem\u00e1n Berl\u00edn&nbsp;surgi\u00f3 hace unos a\u00f1os como resultado de las reuniones mantenidas por un peque\u00f1o grupo de cantantes espa\u00f1oles. Actualmente, est\u00e1 compuesto por m\u00e1s que 20 cantantes de diferentes nacionalidades que comparten el inter\u00e9s por la cultura y la lengua espa\u00f1olas. Bajo la direcci\u00f3n del cantante Frank Szafranski, el Coro Hispano-Alem\u00e1n Berl\u00edn ha conseguido adem\u00e1s cumplir su deseo de transmitir este legado cultural a trav\u00e9s de la interpretaci\u00f3n de m\u00fasica coral con un alto grado de calidad y exigencia.<\/p>\n\n\n\n<p><span lang=\"ES\">Nuestro repertorio est\u00e1 compuesto principalmente por obras pertenecientes al Renacimiento Espa\u00f1ol y canciones sephard\u00eds, aunque tambi\u00e9n incluye composiciones alemanas y de otros pa\u00edses europeos.<\/span><\/p>\n\n\n\n<p><strong>Welcome to the German-Spanish Choir <\/strong><\/p>\n\n\n\n<p>What began a few years ago when a specific group of Spanish singers met, has since grown to become a German-Spanish Choir with 20 members from many different nations. The joy of challenging music and the love of the Spanish language and culture bring us together under the direction of vocalist, Frank Szafranski. The focus of our programs is Spanish Renaissance music and Sephardic songs, but German and other European pieces are also included in our repertoire.<\/p>\n","protected":false},"excerpt":{"rendered":"<p>Die Geschichte des Deutsch-Spanischen Chores Berlin begann im Jahr 2011 im Charlottenburger K\u00fcnstlerhotel Bogot\u00e1. Jeden Samstag traf sich in der Schl\u00fcterstra\u00dfe 45 eine kleine Gruppe, kaum ein Dutzend sangesfreudiger Menschen, aus Spanien, S\u00fcdamerika und Deutschland, um gemeinsam &nbsp;spanische Populares und Villancicos zu singen. Innerhalb kurzer Zeit wuchs die Gruppe auf \u00fcber 20 S\u00e4ngerinnen und S\u00e4nger [&hellip;]<\/p>\n","protected":false},"author":1,"featured_media":0,"parent":0,"menu_order":0,"comment_status":"closed","ping_status":"closed","template":"page-templates\/front-page.php","meta":{"footnotes":""},"class_list":["post-12","page","type-page","status-publish","hentry"],"_links":{"self":[{"href":"http:\/\/www.desc-berlin.de\/index.php?rest_route=\/wp\/v2\/pages\/12","targetHints":{"allow":["GET"]}}],"collection":[{"href":"http:\/\/www.desc-berlin.de\/index.php?rest_route=\/wp\/v2\/pages"}],"about":[{"href":"http:\/\/www.desc-berlin.de\/index.php?rest_route=\/wp\/v2\/types\/page"}],"author":[{"embeddable":true,"href":"http:\/\/www.desc-berlin.de\/index.php?rest_route=\/wp\/v2\/users\/1"}],"replies":[{"embeddable":true,"href":"http:\/\/www.desc-berlin.de\/index.php?rest_route=%2Fwp%2Fv2%2Fcomments&post=12"}],"version-history":[{"count":52,"href":"http:\/\/www.desc-berlin.de\/index.php?rest_route=\/wp\/v2\/pages\/12\/revisions"}],"predecessor-version":[{"id":3948,"href":"http:\/\/www.desc-berlin.de\/index.php?rest_route=\/wp\/v2\/pages\/12\/revisions\/3948"}],"wp:attachment":[{"href":"http:\/\/www.desc-berlin.de\/index.php?rest_route=%2Fwp%2Fv2%2Fmedia&parent=12"}],"curies":[{"name":"wp","href":"https:\/\/api.w.org\/{rel}","templated":true}]}}